{"id":71,"date":"2019-04-16T11:34:46","date_gmt":"2019-04-16T11:34:46","guid":{"rendered":"http:\/\/aeternawellness.de\/?page_id=71"},"modified":"2019-04-24T12:24:17","modified_gmt":"2019-04-24T12:24:17","slug":"asiatische-massage","status":"publish","type":"page","link":"https:\/\/aeternawellness.de\/?page_id=71","title":{"rendered":"Asiatische Massage"},"content":{"rendered":"\n<p style=\"text-align:center\"><strong><em>Akupressur-Zonenmassage<\/em><\/strong><br> Mit Akupressur erzielt man eine beruhigende, anregende oder entspannende Wirkung im K\u00f6rper. Akupressur reagiert h\u00e4ufig schnell auf schmerzhafte Verspannungen. <br><\/p>\n\n\n\n<p style=\"text-align:center\"><strong><em> Schr\u00f6pfkopfmassage<\/em><\/strong><br> Durch die Massage mit den Schr\u00f6pfk\u00f6pfen sprechen wir die Hautrezeptoren an und bewirken nicht nur eine Verbesserung der \u00f6rtlichen Durchblutung, sondern auch des Bindegewebes &#8211; auch der Fettstoffwechsel wird stimuliert und beschleunigt.<br> <\/p>\n\n\n\n<p style=\"text-align:center\"><strong><em>Fu\u00dfzonenmassage<\/em><\/strong><br> \u00dcber die Fu\u00dfzonen k\u00f6nnen alle Organe des K\u00f6rpers erreicht und angeregt werden. So k\u00f6nnen St\u00f6rungen und Beschwerden fr\u00fchzeitig erkannt und nachhaltig behandelt werden.<br> Akupressur Raucherentw\u00f6hnung<br> Rauchfrei durch Akupressur \u2013 sagen Sie der Zigarette den Kampf an.<br><\/p>\n\n\n\n<p style=\"text-align:center\"> <strong><em>Baby Shaolin Massage<\/em><\/strong><br> Hilft den Kindern beim Schlaf, bei Koliken und f\u00f6rdert die gesamte Entwicklung.<br><\/p>\n\n\n\n<p style=\"text-align:center\"><strong><em> Kosmetische Pulsation<\/em><\/strong><br> Straffung und Durchblutung des Gewebes, l\u00f6st Fettp\u00f6lsterchen.<br> <\/p>\n\n\n\n<p style=\"text-align:center\"><strong><em>Tuina Massage<\/em><\/strong><br> Uralte Massagetechnik , die besonders bei chronischen Beschwerden wirksam ist.<\/p>\n\n\n\n<p><br><\/p>\n","protected":false},"excerpt":{"rendered":"<p>Akupressur-Zonenmassage Mit Akupressur erzielt man eine beruhigende, anregende oder entspannende Wirkung im K\u00f6rper. Akupressur reagiert h\u00e4ufig schnell auf schmerzhafte Verspannungen. Schr\u00f6pfkopfmassage Durch die Massage mit den Schr\u00f6pfk\u00f6pfen sprechen wir die &hellip; <\/p>\n","protected":false},"author":1,"featured_media":88,"parent":0,"menu_order":0,"comment_status":"closed","ping_status":"closed","template":"","meta":{"footnotes":""},"class_list":["post-71","page","type-page","status-publish","has-post-thumbnail","hentry"],"_links":{"self":[{"href":"https:\/\/aeternawellness.de\/index.php?rest_route=\/wp\/v2\/pages\/71","targetHints":{"allow":["GET"]}}],"collection":[{"href":"https:\/\/aeternawellness.de\/index.php?rest_route=\/wp\/v2\/pages"}],"about":[{"href":"https:\/\/aeternawellness.de\/index.php?rest_route=\/wp\/v2\/types\/page"}],"author":[{"embeddable":true,"href":"https:\/\/aeternawellness.de\/index.php?rest_route=\/wp\/v2\/users\/1"}],"replies":[{"embeddable":true,"href":"https:\/\/aeternawellness.de\/index.php?rest_route=%2Fwp%2Fv2%2Fcomments&post=71"}],"version-history":[{"count":3,"href":"https:\/\/aeternawellness.de\/index.php?rest_route=\/wp\/v2\/pages\/71\/revisions"}],"predecessor-version":[{"id":144,"href":"https:\/\/aeternawellness.de\/index.php?rest_route=\/wp\/v2\/pages\/71\/revisions\/144"}],"wp:featuredmedia":[{"embeddable":true,"href":"https:\/\/aeternawellness.de\/index.php?rest_route=\/wp\/v2\/media\/88"}],"wp:attachment":[{"href":"https:\/\/aeternawellness.de\/index.php?rest_route=%2Fwp%2Fv2%2Fmedia&parent=71"}],"curies":[{"name":"wp","href":"https:\/\/api.w.org\/{rel}","templated":true}]}}