{"id":74,"date":"2019-04-16T11:42:26","date_gmt":"2019-04-16T11:42:26","guid":{"rendered":"http:\/\/aeternawellness.de\/?page_id=74"},"modified":"2019-04-24T12:02:16","modified_gmt":"2019-04-24T12:02:16","slug":"exotische-massagen","status":"publish","type":"page","link":"https:\/\/aeternawellness.de\/?page_id=74","title":{"rendered":"EXotische Massagen"},"content":{"rendered":"\n<p style=\"text-align:center\"><strong><em>Ohrkerzenbehandlung Indianische &#8211; Entspannungszeremonie<\/em><\/strong><br> Die sanfte und nat\u00fcrliche Methode ist das Erbe jahrhunderter alter Traditionen der Ureinwohner Nordamerikas sowie der Naturv\u00f6lker im indonesisch-asiatischen Raum. Die Ohrkerze hat eine ganzheitliche positive Wirkung auf den gesamten K\u00f6rper. Die Ohr- und Gesichtsmassage unterst\u00fctzt erheblich die Wirkung der Ohrkerzenbehandlung.<br><\/p>\n\n\n\n<p style=\"text-align:center\"><strong><em> Ayurvedamassage<\/em><\/strong><br> In Ayurveda gibt es ein umfassendes Regenerationsprogramm um das Gleichgewicht der Kr\u00e4fte wieder herzustellen. Ayurveda bedeutet, das &#8222;Wissen vom Leben&#8220;. Es handelt sich hierbei um ein 5.000 Jahre altes ganzheitliches Gesundheitssystem aus Indien. Diese wundersch\u00f6ne Behandlungsform, bei der der K\u00f6rper mit warmen Pflanzen-Kr\u00e4uter-\u00d6len behutsam begossen wird, durchstr\u00f6mt Sie mit W\u00e4rme durch alle inneren Kan\u00e4le. <br> Durch sanfte Bewegungen der H\u00e4nde wird der ganze K\u00f6rper von Kopf bis Fu\u00df massiert und mit der Zeit in eine tiefe Entspannung gebracht. Diese Massage regt die Entgiftung, Zellerneuerung und Heilung an.<br><\/p>\n\n\n\n<p style=\"text-align:center\"><strong><em> Arkaya Deepa Massage<\/em><\/strong><br> Ist die sogenannte \u201eSchwester\u201c der Ayurveda-Massage. Dazu kommt ein Peeling auf Mandelkleie.<br> Hot Stones &#8211; Therapie &#8211; Methode<br> Die Behandlung mit hei\u00dfen Steinen ist eine uralte Tradition der indianischen V\u00f6lker und gleichzeitig eine Heilmethode in China. \u00dcber die Stimulation bestimmter Punkte mit der Massage, wird \u00e4hnlich wie bei der Akupunktur, der Energiefluss im Koerper angeregt.<br> <\/p>\n\n\n\n<p style=\"text-align:center\"><strong><em>K\u00f6rperkerzen Behandlung<\/em><\/strong><br> Die K\u00f6rperkerzenbehandlung hat eine reinigende und blockadenl\u00f6sende Wirkung auf K\u00f6rper, Aura und Chakren mit dem Ergebnis einer harmonischen Energiebalance auf allen Ebenen.<br><\/p>\n\n\n\n<p style=\"text-align:center\"><strong><em> Kosmetische Ganzk\u00f6rpermassage<\/em><\/strong><br> K\u00f6rperpeeling mit Meeressalz und spezielles K\u00f6rper\u00f6l sorgen bei der richtigen Technik f\u00fcr die Anregung des Fettstoffwechsels und den Lymphfluss. Diese Anwendung hat eine starke Wirkung gegen Cellulite.<br> <\/p>\n\n\n\n<p style=\"text-align:center\"><strong><em>Sportmassage<\/em><\/strong><br> Die Sportmassage geht auf die Bed\u00fcrfnisse des Sportlers sowie auf die speziellen Probleme beim Sport ein.<br><\/p>\n\n\n\n<p style=\"text-align:center\"><strong><em> Raindrop Technik<\/em><\/strong><br> Hocheffiziente Methode um den Geist und den K\u00f6rper zu harmonisieren und regenerieren.<\/p>\n","protected":false},"excerpt":{"rendered":"<p>Ohrkerzenbehandlung Indianische &#8211; Entspannungszeremonie Die sanfte und nat\u00fcrliche Methode ist das Erbe jahrhunderter alter Traditionen der Ureinwohner Nordamerikas sowie der Naturv\u00f6lker im indonesisch-asiatischen Raum. Die Ohrkerze hat eine ganzheitliche positive &hellip; <\/p>\n","protected":false},"author":1,"featured_media":89,"parent":0,"menu_order":0,"comment_status":"closed","ping_status":"closed","template":"","meta":{"footnotes":""},"class_list":["post-74","page","type-page","status-publish","has-post-thumbnail","hentry"],"_links":{"self":[{"href":"https:\/\/aeternawellness.de\/index.php?rest_route=\/wp\/v2\/pages\/74","targetHints":{"allow":["GET"]}}],"collection":[{"href":"https:\/\/aeternawellness.de\/index.php?rest_route=\/wp\/v2\/pages"}],"about":[{"href":"https:\/\/aeternawellness.de\/index.php?rest_route=\/wp\/v2\/types\/page"}],"author":[{"embeddable":true,"href":"https:\/\/aeternawellness.de\/index.php?rest_route=\/wp\/v2\/users\/1"}],"replies":[{"embeddable":true,"href":"https:\/\/aeternawellness.de\/index.php?rest_route=%2Fwp%2Fv2%2Fcomments&post=74"}],"version-history":[{"count":2,"href":"https:\/\/aeternawellness.de\/index.php?rest_route=\/wp\/v2\/pages\/74\/revisions"}],"predecessor-version":[{"id":138,"href":"https:\/\/aeternawellness.de\/index.php?rest_route=\/wp\/v2\/pages\/74\/revisions\/138"}],"wp:featuredmedia":[{"embeddable":true,"href":"https:\/\/aeternawellness.de\/index.php?rest_route=\/wp\/v2\/media\/89"}],"wp:attachment":[{"href":"https:\/\/aeternawellness.de\/index.php?rest_route=%2Fwp%2Fv2%2Fmedia&parent=74"}],"curies":[{"name":"wp","href":"https:\/\/api.w.org\/{rel}","templated":true}]}}